{"id":1120,"date":"2020-05-06T19:45:29","date_gmt":"2020-05-06T18:45:29","guid":{"rendered":"https:\/\/ru3.com\/luc\/home"},"modified":"2025-01-29T14:07:36","modified_gmt":"2025-01-29T13:07:36","slug":"home","status":"publish","type":"page","link":"https:\/\/ru3.com\/luc\/","title":{"rendered":"Luc Legay"},"content":{"rendered":"\n<figure class=\"wp-block-image size-large is-resized\"><img loading=\"lazy\" decoding=\"async\" width=\"761\" height=\"761\" src=\"https:\/\/ru3.com\/luc\/wp-content\/upload\/Luc_Legay_fond.png\" alt=\"\" class=\"wp-image-1189\" style=\"width:404px;height:404px\" srcset=\"https:\/\/ru3.com\/luc\/wp-content\/upload\/Luc_Legay_fond.png 761w, https:\/\/ru3.com\/luc\/wp-content\/upload\/Luc_Legay_fond-300x300.png 300w, https:\/\/ru3.com\/luc\/wp-content\/upload\/Luc_Legay_fond-150x150.png 150w\" sizes=\"auto, (max-width: 761px) 100vw, 761px\" \/><\/figure>\n\n\n\n<div style=\"height:20px\" aria-hidden=\"true\" class=\"wp-block-spacer\"><\/div>\n\n\n\n<p>Bonjour ! Je suis le cofondateur des <strong><a href=\"https:\/\/propulseurs.com\/\">Propulseurs<\/a><\/strong>, un groupement d&rsquo;entrepreneurs sp\u00e9cialis\u00e9s dans l&rsquo;<strong>innovation participative<\/strong> <strong>et prospective<\/strong>. Nous transformons les individus et les \u00e9quipes en propulseurs de solutions. Nous mobilisons des communaut\u00e9s, internes ou externes, sur des th\u00e9matiques strat\u00e9giques ou soci\u00e9tales, telles que : futur du travail, ville de demain, citoyennet\u00e9, d\u00e9fense, sant\u00e9, solidarit\u00e9s, \u00e9ducation\u2026<\/p>\n\n\n\n<p>Pour en parler, connectons-nous <\/p>\n\n\n\n<p><a href=\"https:\/\/lnkd.in\/pmjPCu\">Linkedin<\/a> | <a href=\"https:\/\/x.com\/luclegay\"><s>Twitter<\/s><\/a> | <a href=\"https:\/\/www.instagram.com\/luclegay\/\">Instagram<\/a> | <a href=\"tel:+33632226602\">SMS<\/a><\/p>\n\n\n\n<div style=\"height:20px\" aria-hidden=\"true\" class=\"wp-block-spacer\"><\/div>\n\n\n\n<p class=\"has-text-color\" style=\"color:#4f4f4f\"><em>Hello! I&rsquo;m the co-founder of <strong><a href=\"https:\/\/propulseurs.com\/\">Les Propulseurs<\/a><\/strong>, a group of entrepreneurs specialising in <strong>participative and forward-looking innovation<\/strong>. We transform individuals and teams into solution drivers. We mobilise internal and external communities around strategic or societal themes such as the future of work, the city of tomorrow, citizenship, defence, health, solidarity, education, etc.<\/em><\/p>\n\n\n\n<p class=\"has-text-color\" style=\"color:#4f4f4f\"><em>To talk about it, let&rsquo;s connect:<\/em><\/p>\n\n\n\n<p><a href=\"https:\/\/lnkd.in\/pmjPCu\">Linkedin<\/a> | <a href=\"https:\/\/x.com\/luclegay\"><del><s>Twitter<\/s><\/del><\/a> | <a href=\"https:\/\/www.instagram.com\/luclegay\/\">Instagram<\/a> | <a href=\"tel:+33632226602\">Text me<\/a><\/p>\n\n\n\n<p><\/p>\n","protected":false},"excerpt":{"rendered":"<p>Bonjour ! Je suis le cofondateur des Propulseurs, un groupement d&rsquo;entrepreneurs sp\u00e9cialis\u00e9s dans l&rsquo;innovation participative et prospective. Nous transformons les individus et les \u00e9quipes en propulseurs de solutions. Nous mobilisons des communaut\u00e9s, internes ou externes, sur des th\u00e9matiques strat\u00e9giques ou soci\u00e9tales, telles que : futur du travail, ville de demain, citoyennet\u00e9, d\u00e9fense, sant\u00e9, solidarit\u00e9s, \u00e9ducation\u2026 &hellip; <\/p>\n<p class=\"link-more\"><a href=\"https:\/\/ru3.com\/luc\/\" class=\"more-link\">Continuer la lecture <span class=\"screen-reader-text\"> \u00ab\u00a0Luc Legay\u00a0\u00bb<\/span><\/a><\/p>\n","protected":false},"author":7,"featured_media":0,"parent":0,"menu_order":0,"comment_status":"closed","ping_status":"closed","template":"","meta":{"footnotes":""},"class_list":["post-1120","page","type-page","status-publish","hentry","entry"],"jetpack_sharing_enabled":true,"_links":{"self":[{"href":"https:\/\/ru3.com\/luc\/wp-json\/wp\/v2\/pages\/1120","targetHints":{"allow":["GET"]}}],"collection":[{"href":"https:\/\/ru3.com\/luc\/wp-json\/wp\/v2\/pages"}],"about":[{"href":"https:\/\/ru3.com\/luc\/wp-json\/wp\/v2\/types\/page"}],"author":[{"embeddable":true,"href":"https:\/\/ru3.com\/luc\/wp-json\/wp\/v2\/users\/7"}],"replies":[{"embeddable":true,"href":"https:\/\/ru3.com\/luc\/wp-json\/wp\/v2\/comments?post=1120"}],"version-history":[{"count":25,"href":"https:\/\/ru3.com\/luc\/wp-json\/wp\/v2\/pages\/1120\/revisions"}],"predecessor-version":[{"id":1313,"href":"https:\/\/ru3.com\/luc\/wp-json\/wp\/v2\/pages\/1120\/revisions\/1313"}],"wp:attachment":[{"href":"https:\/\/ru3.com\/luc\/wp-json\/wp\/v2\/media?parent=1120"}],"curies":[{"name":"wp","href":"https:\/\/api.w.org\/{rel}","templated":true}]}}

<figure class="wp-block-image size-large is-resized"><img loading="lazy" decoding="async" width="761" height="761" src="https://ru3.com/luc/wp-content/upload/Luc_Legay_fond.png" alt="" class="wp-image-1189" style="width:404px;height:404px" srcset="https://ru3.com/luc/wp-content/upload/Luc_Legay_fond.png 761w, https://ru3.com/luc/wp-content/upload/Luc_Legay_fond-300x300.png 300w, https://ru3.com/luc/wp-content/upload/Luc_Legay_fond-150x150.png 150w" sizes="auto, (max-width: 761px) 100vw, 761px" /></figure>



<div style="height:20px" aria-hidden="true" class="wp-block-spacer"></div>



<p>Bonjour ! Je suis le cofondateur des <strong><a href="https://propulseurs.com/">Propulseurs</a></strong>, un groupement d&rsquo;entrepreneurs spécialisés dans l&rsquo;<strong>innovation participative</strong> <strong>et prospective</strong>. Nous transformons les individus et les équipes en propulseurs de solutions. Nous mobilisons des communautés, internes ou externes, sur des thématiques stratégiques ou sociétales, telles que : futur du travail, ville de demain, citoyenneté, défense, santé, solidarités, éducation…</p>



<p>Pour en parler, connectons-nous </p>



<p><a href="https://lnkd.in/pmjPCu">Linkedin</a> | <a href="https://x.com/luclegay"><s>Twitter</s></a> | <a href="https://www.instagram.com/luclegay/">Instagram</a> | <a href="tel:+33632226602">SMS</a></p>



<div style="height:20px" aria-hidden="true" class="wp-block-spacer"></div>



<p class="has-text-color" style="color:#4f4f4f"><em>Hello! I&rsquo;m the co-founder of <strong><a href="https://propulseurs.com/">Les Propulseurs</a></strong>, a group of entrepreneurs specialising in <strong>participative and forward-looking innovation</strong>. We transform individuals and teams into solution drivers. We mobilise internal and external communities around strategic or societal themes such as the future of work, the city of tomorrow, citizenship, defence, health, solidarity, education, etc.</em></p>



<p class="has-text-color" style="color:#4f4f4f"><em>To talk about it, let&rsquo;s connect:</em></p>



<p><a href="https://lnkd.in/pmjPCu">Linkedin</a> | <a href="https://x.com/luclegay"><del><s>Twitter</s></del></a> | <a href="https://www.instagram.com/luclegay/">Instagram</a> | <a href="tel:+33632226602">Text me</a></p>



<p></p>

<p>Bonjour ! Je suis le cofondateur des Propulseurs, un groupement d&rsquo;entrepreneurs spécialisés dans l&rsquo;innovation participative et prospective. Nous transformons les individus et les équipes en propulseurs de solutions. Nous mobilisons des communautés, internes ou externes, sur des thématiques stratégiques ou sociétales, telles que : futur du travail, ville de demain, citoyenneté, défense, santé, solidarités, éducation… &hellip; </p>
<p class="link-more"><a href="https://ru3.com/luc/" class="more-link">Continuer la lecture <span class="screen-reader-text"> « Luc Legay »</span></a></p>
